{"id":1595,"date":"2015-09-14T22:12:58","date_gmt":"2015-09-14T22:12:58","guid":{"rendered":"http:\/\/ligiaamadio.net\/a\/?page_id=1595"},"modified":"2015-09-14T22:24:32","modified_gmt":"2015-09-14T22:24:32","slug":"19-mar-2015","status":"publish","type":"page","link":"http:\/\/ligiaamadio.net\/a\/19-mar-2015\/","title":{"rendered":"19 mar 2015"},"content":{"rendered":"<p>[vc_row section_top_margin=&#8221;doubletopmargin&#8221; section_bottom_margin=&#8221;doublebottommargin&#8221; section_background=&#8221;color&#8221; section_id=&#8221;360-slider&#8221; background_color=&#8221;#ffffff&#8221;][vc_column][vc_facebook type=&#8221;button_count&#8221;][vc_row_inner][vc_column_inner width=&#8221;1\/2&#8243;][vc_single_image image=&#8221;1606&#8243; img_size=&#8221;large&#8221; alignment=&#8221;center&#8221;][vc_column_text]<strong>19 mar 2015<\/strong><\/p>\n<p><b>ORQUESTRA SINF\u00d4NICA DA PARA\u00cdBA (OSPB)<\/b><\/p>\n<p><b>Sala Maestro Jos\u00e9 Siqueira, Espa\u00e7o Cultural Jos\u00e9 Lins do Rego<\/b><\/p>\n<p><b>Jo\u00e3o Pessoa, \u00a0Para\u00edba, \u00a0Brasil<\/b><\/p>\n<p><span style=\"font-weight: 400;\">Program:<\/span><\/p>\n<p><span style=\"font-weight: 400;\">GIOACHINO ROSSINI<\/span><\/p>\n<p><i><span style=\"font-weight: 400;\">Il Barbiere di Siviglia<\/span><\/i><span style=\"font-weight: 400;\"> Overture <\/span><\/p>\n<p><span style=\"font-weight: 400;\">HEITOR VILLA-LOBOS <\/span><\/p>\n<p><i><span style=\"font-weight: 400;\">Fantas\u00eda<\/span><\/i><span style=\"font-weight: 400;\"> for Saxophone and Chamber Orchestra<\/span><\/p>\n<p><span style=\"font-weight: 400;\">Solista: <\/span><b>Arimatea Formiga<\/b><\/p>\n<p><span style=\"font-weight: 400;\">PIOTR ILYICH TCHAIKOVSKY <\/span><\/p>\n<p><i><span style=\"font-weight: 400;\">Symphony n.5<\/span><\/i><span style=\"font-weight: 400;\">, op.64, E minor<\/span>[\/vc_column_text][\/vc_column_inner][vc_column_inner width=&#8221;1\/2&#8243;][vc_images_carousel images=&#8221;1598,1599,1600,1601,1602,1603,1604,1605&#8243; img_size=&#8221;full&#8221; autoplay=&#8221;yes&#8221;][vc_text_separator title=&#8221;Press&#8221;][vc_column_text]<a href=\"http:\/\/www.oconciergepb.com.br\/agenda-cultural\/orquestra-sinfonica-realiza-concerto-em-homenagem-as-mulheres-com-maestrina-ligia-amadio\/\" target=\"_blank\">19 mar 2015: Orquestra Sinf\u00f4nica realiza concerto em homenagem \u00e0s mulheres com maestrina Ligia Amadio \u2013 O Concierge<\/a><\/p>\n<p><a href=\"http:\/\/portalcorreio.uol.com.br\/entretenimento\/entretenimento\/mais-entretenimento\/2015\/03\/13\/NWS,255963,62,415,ENTRETENIMENTO,2192-ORQUESTRA-SINFONICA-REALIZA-CONCERTO-HOMENAGEM-MULHERES-CAPITAL.aspx\" target=\"_blank\">19 mar 2015: Orquestra Sinf\u00f4nica realiza concerto em homenagem \u00e0s mulheres, na Capital \u2013 Portal Correio<\/a>[\/vc_column_text][vc_text_separator title=&#8221;Program&#8221;][vc_images_carousel images=&#8221;1607,1608&#8243; img_size=&#8221;full&#8221; autoplay=&#8221;yes&#8221;][\/vc_column_inner][\/vc_row_inner][\/vc_column][\/vc_row]<\/p>\n","protected":false},"excerpt":{"rendered":"<p>[vc_row section_top_margin=&#8221;doubletopmargin&#8221; section_bottom_margin=&#8221;doublebottommargin&#8221; section_background=&#8221;color&#8221; section_id=&#8221;360-slider&#8221; background_color=&#8221;#ffffff&#8221;][vc_column][vc_facebook type=&#8221;button_count&#8221;][vc_row_inner][vc_column_inner width=&#8221;1\/2&#8243;][vc_single_image image=&#8221;1606&#8243; img_size=&#8221;large&#8221; alignment=&#8221;center&#8221;][vc_column_text]19 mar 2015 [&hellip;]<\/p>\n","protected":false},"author":1,"featured_media":0,"parent":0,"menu_order":0,"comment_status":"closed","ping_status":"closed","template":"template\/template-landing-page-vc.php","meta":{"footnotes":""},"class_list":["post-1595","page","type-page","status-publish","hentry"],"_links":{"self":[{"href":"http:\/\/ligiaamadio.net\/a\/wp-json\/wp\/v2\/pages\/1595","targetHints":{"allow":["GET"]}}],"collection":[{"href":"http:\/\/ligiaamadio.net\/a\/wp-json\/wp\/v2\/pages"}],"about":[{"href":"http:\/\/ligiaamadio.net\/a\/wp-json\/wp\/v2\/types\/page"}],"author":[{"embeddable":true,"href":"http:\/\/ligiaamadio.net\/a\/wp-json\/wp\/v2\/users\/1"}],"replies":[{"embeddable":true,"href":"http:\/\/ligiaamadio.net\/a\/wp-json\/wp\/v2\/comments?post=1595"}],"version-history":[{"count":3,"href":"http:\/\/ligiaamadio.net\/a\/wp-json\/wp\/v2\/pages\/1595\/revisions"}],"predecessor-version":[{"id":1610,"href":"http:\/\/ligiaamadio.net\/a\/wp-json\/wp\/v2\/pages\/1595\/revisions\/1610"}],"wp:attachment":[{"href":"http:\/\/ligiaamadio.net\/a\/wp-json\/wp\/v2\/media?parent=1595"}],"curies":[{"name":"wp","href":"https:\/\/api.w.org\/{rel}","templated":true}]}}

<p>[vc_row section_top_margin=&#8221;doubletopmargin&#8221; section_bottom_margin=&#8221;doublebottommargin&#8221; section_background=&#8221;color&#8221; section_id=&#8221;360-slider&#8221; background_color=&#8221;#ffffff&#8221;][vc_column][vc_facebook type=&#8221;button_count&#8221;][vc_row_inner][vc_column_inner width=&#8221;1/2&#8243;][vc_single_image image=&#8221;1606&#8243; img_size=&#8221;large&#8221; alignment=&#8221;center&#8221;][vc_column_text]<strong>19 mar 2015</strong></p>
<p><b>ORQUESTRA SINFÔNICA DA PARAÍBA (OSPB)</b></p>
<p><b>Sala Maestro José Siqueira, Espaço Cultural José Lins do Rego</b></p>
<p><b>João Pessoa,  Paraíba,  Brasil</b></p>
<p><span style="font-weight: 400;">Program:</span></p>
<p><span style="font-weight: 400;">GIOACHINO ROSSINI</span></p>
<p><i><span style="font-weight: 400;">Il Barbiere di Siviglia</span></i><span style="font-weight: 400;"> Overture </span></p>
<p><span style="font-weight: 400;">HEITOR VILLA-LOBOS </span></p>
<p><i><span style="font-weight: 400;">Fantasía</span></i><span style="font-weight: 400;"> for Saxophone and Chamber Orchestra</span></p>
<p><span style="font-weight: 400;">Solista: </span><b>Arimatea Formiga</b></p>
<p><span style="font-weight: 400;">PIOTR ILYICH TCHAIKOVSKY </span></p>
<p><i><span style="font-weight: 400;">Symphony n.5</span></i><span style="font-weight: 400;">, op.64, E minor</span>[/vc_column_text][/vc_column_inner][vc_column_inner width=&#8221;1/2&#8243;][vc_images_carousel images=&#8221;1598,1599,1600,1601,1602,1603,1604,1605&#8243; img_size=&#8221;full&#8221; autoplay=&#8221;yes&#8221;][vc_text_separator title=&#8221;Press&#8221;][vc_column_text]<a href="http://www.oconciergepb.com.br/agenda-cultural/orquestra-sinfonica-realiza-concerto-em-homenagem-as-mulheres-com-maestrina-ligia-amadio/" target="_blank">19 mar 2015: Orquestra Sinfônica realiza concerto em homenagem às mulheres com maestrina Ligia Amadio – O Concierge</a></p>
<p><a href="http://portalcorreio.uol.com.br/entretenimento/entretenimento/mais-entretenimento/2015/03/13/NWS,255963,62,415,ENTRETENIMENTO,2192-ORQUESTRA-SINFONICA-REALIZA-CONCERTO-HOMENAGEM-MULHERES-CAPITAL.aspx" target="_blank">19 mar 2015: Orquestra Sinfônica realiza concerto em homenagem às mulheres, na Capital – Portal Correio</a>[/vc_column_text][vc_text_separator title=&#8221;Program&#8221;][vc_images_carousel images=&#8221;1607,1608&#8243; img_size=&#8221;full&#8221; autoplay=&#8221;yes&#8221;][/vc_column_inner][/vc_row_inner][/vc_column][/vc_row]</p>
