{"id":837,"date":"2015-08-17T13:26:26","date_gmt":"2015-08-17T13:26:26","guid":{"rendered":"http:\/\/ligiaamadio.net\/a\/\/?page_id=837"},"modified":"2026-03-28T21:58:00","modified_gmt":"2026-03-28T21:58:00","slug":"ligia-amadio-espanol","status":"publish","type":"page","link":"http:\/\/ligiaamadio.net\/a\/ligia-amadio-espanol\/","title":{"rendered":"Ligia Amadio &#8211; Espa\u00f1ol"},"content":{"rendered":"<h4>Ligia Amadio es una de las m\u00e1s destacadas directoras sudamericanas de la actualidad. Se ha distinguido internacionalmente por su exigencia art\u00edstica, su carisma y sus vibrantes performances. Su actuaci\u00f3n internacional se extiende por Alemania, Argentina, Austria, Bolivia, Chile, Colombia, Croacia, Cuba, Eslovenia, Espa\u00f1a, Estados Unidos, Francia, Islandia, Israel, Italia, Jap\u00f3n, Jordania, Holanda, Hungr\u00eda, L\u00edbano, M\u00e9xico, Panam\u00e1, Per\u00fa, Portugal, Rep\u00fablica Checa, Rusia, Serbia, Tailandia, Uruguay y Venezuela.<\/h4>\n<h4>Nacida en S\u00e3o Paulo, Brasil, Ligia Amadio ha sido la primera mujer galardonada en 30 a\u00f1os de existencia del Concurso Internacional de Tokio en el a\u00f1o 1997. En 1998, obtuvo el primer premio en el Concurso Internacional de Santiago de Chile. En el a\u00f1o 2001, recibi\u00f3 el premio Mejor Director del A\u00f1o, en Brasil, otorgado por la Asociaci\u00f3n de Cr\u00edticos de Arte de S\u00e3o Paulo. En 2003 recibi\u00f3 los premios Lyra a la Excelencia y Ra\u00edces, al frente de la ONUNCUYO. En 2012, nuevamente distinguida como mejor director de orquesta, en Brasil, recibi\u00f3 el Premio Carlos Gomes. En 2019 ha recibido el reconocimiento m\u00e1ximo de la diplomacia brasile\u00f1a, la Orden de Rio Branco, en el grado de oficial, por servicios prestados a Brasil en todos los pa\u00edses en que ha actuado. En 2022 ha recibido el Premio Alumni USP (Universidad de S\u00e3o Paulo), en su primera edici\u00f3n, en la categor\u00eda Contribuciones en Arte y Cultura, en S\u00e3o Paulo, Brasil.<\/h4>\n<h4>Desde 1996 Ligia Amadio se ha desempe\u00f1ado como directora titular y art\u00edstica de importantes orquestas: Orquesta Sinf\u00f3nica Nacional, en R\u00edo de Janeiro, Brasil (1996 a 2008); Orquesta Sinf\u00f3nica de la Universidad Nacional de Cuyo, en Mendoza, Argentina (2000 a 2003); Orquesta Sinf\u00f3nica Municipal de Campinas, Brasil (2009); Orquesta Sinf\u00f3nica de la Universidad de S\u00e3o Paulo, Brasil (2009 a 2012); Orquesta Filarm\u00f3nica de Mendoza, Argentina (2010 a 2014); Orquesta Filarm\u00f3nica de Bogot\u00e1, Colombia (2014), d\u00f3nde realiz\u00f3 una temporada completa dedicada a la M\u00fasica del Siglo XX; Orquesta Filarm\u00f3nica de Montevideo, en Uruguay (2017 a 2021). En todas las orquestas d\u00f3nde ha actuado, fue elegida directora titular por sus integrantes. En 2023, Ligia Amadio asume la direcci\u00f3n titular y art\u00edstica de la Orquesta Sinf\u00f3nica de Minas Gerais, en Brasil.<\/h4>\n<h4>Destacamos, entre las orquestras que Amadio ha dirigido como invitada: Arpeggione St\u00e4dtisches Kammerorchester, Baden-Badener Philharmonie, Ensemble Contrechamps, Filharmonia Czestochowa, Israel Chamber Orchestra, Jerusal\u00e9m Symphony Orchestra, Lebanese Philharmonic Orchestra, Netherlands Radio Symphony Orchestra, Icelandic Symphony Orchestra, Orkiestr\u0119 Symfoniczn\u0105 Filharmonii Szczeci\u0144skiej, Orquesta del Teatro Argentino de la Plata, Orquesta Estable del Teatro Col\u00f3n, Orquesta Filarm\u00f3nica de Buenos Aires, Orquesta Filarm\u00f3nica de Montevideo, Orquesta Filarm\u00f3nica Nacional de Mold\u00e1via, Orquesta Filarm\u00f3nica del Estado de Quer\u00e9taro, Orquesta Sinf\u00f3nica del Estado de M\u00e9xico, Orquesta Sinf\u00f3nica de Salta, Orquesta Sinf\u00f3nica del SODRE, Orquesta Sinf\u00f3nica Nacional de Bolivia, Orquesta Sinf\u00f3nica Nacional de Chile, Orquesta Sinf\u00f3nica Nacional de Peru, Orquesta Sinf\u00f3nica Provincial de Santa Fe, Savaria Symphony Orchestra, Silesian Opera Orchestra, Simfoniki RTV Slovenija, Thailand Philarmonic Orchestra, The Congress Symphony Orchestra, Tokyo City Philharmonic Orchestra, adem\u00e1s de las m\u00e1s importantes orquestas brasile\u00f1as y argentinas.<\/h4>\n<h4>Ha creado y impulsado el Movimiento Mujeres Directoras y ha realizado con gran \u00e9xito tr\u00e9s ediciones del Simposio Internacional Mulheres Regentes\/ Mujeres Directoras\/Women Conductors, el primero en S\u00e3o Paulo, Brasil, en 2016, el segundo en Montevideo, Uruguay, en 2018, y el tercer on-line, en 2020. El III Simposio integr\u00f3 a 976 participantes de 36 pa\u00edses, un evento de importancia mundial. Como idealizadora y realizadora de este proyecto, fu\u00e9 una de las finalistas al Premio 2019 Classical: NEXT Innovation Award, en Rotterdam. En 2022 ha recibido el Premio Nacional Cl\u00e1sica, en Buenos Aires, en la categor\u00eda Pol\u00edtica con Perspectiva de G\u00e9nero. En el d\u00eda 31 de marzo del 2023, dictar\u00e1 una conferencia sobre \u201cBrecha de g\u00e9nero por medio del arte y de la cultura\u201d, en la sede del Banco Interamericano de Desarrollo, en Washington DC, en los Estados Unidos.<\/h4>\n<h4>Ligia Amadio se ha graduado en Direcci\u00f3n Orquestal (despu\u00e9s de haberse graduado en Ingenier\u00eda por la Universidad de S\u00e3o Paulo) y realiz\u00f3 el Postgrado en Artes, en la Universidad Estatal de Campinas (UNICAMP), y ha concluido el Doctorado en M\u00fasica, realizando una edici\u00f3n cr\u00edtica del Concierto para piano y orquesta, op.10, de Henrique Oswald, en la Universidad del Estado de S\u00e3o Paulo (UNESP).<\/h4>\n<h4>Su formaci\u00f3n tambi\u00e9n incluye los m\u00e1s cursos internacionales de direcci\u00f3n orquestal: Accademia Chigiana (Italia), International Bart\u00f3k Seminar (Hungria), Wiener Meisterk\u00fcrse f\u00fcr Musik (\u00c1ustria), International Opera Workshop (Rep\u00fablica Checa), Peter the Great International Workshop (Rusia), Curso Interamericano para J\u00f3venes Directores de Orquesta (Venezuela), Curso Latinoamericano de Direcci\u00f3n Orquestal (S\u00e3o Paulo) y Kirill Kondrashin Masterclass (Holanda), d\u00f3nde ha sido premiada, dirigiendo la Netherland Radio Television Symphony Orchestra en el Concertgebouw de Amsterdam. En estes cursos tuvo como profesores a Ferdinand Leitner, Dominique Rouits, Julius Kalmar, Georg Tintner, Alexander Politshuk, Guillermo Scarabino, Kurt Masur y Sir Edward Downes.<\/h4>\n<h4>Ligia Amadio posee amplia experiencia pedag\u00f3gica. Entre 1990 y 1999 ha sido profesora de diversas disciplinas en el Conservatorio de M\u00fasica Villa-Lobos FITO, en Osasco, S\u00e3o Paulo, adem\u00e1s de dirigir el coro y la orquesta de esta instituci\u00f3n. Entre el 2001 y el 2003 se ha desempe\u00f1ado como profesora invitada de la c\u00e1tedra de direcci\u00f3n orquestal en la Universidad Nacional de Cuyo, en Mendoza, Argentina. En los a\u00f1os 2003 y 2004 ministr\u00f3 el curso de direcci\u00f3n orquestal en el 25o y en el 26o Cursos Internacionales de Verano, en Bras\u00edlia, capital de Brasil. En 2006 y 2007 fue directora de las orquestas y profesora de direcci\u00f3n orquestal en el Hartwick College Music Summer Festival, en Oneonta, Nueva York, en los Estados Unidos. Durante el a\u00f1o de 2016 imparti\u00f3 un curso de especializaci\u00f3n en direcci\u00f3n orquestal, en S\u00e3o Paulo.<\/h4>\n<h4>Bajo su direcci\u00f3n, se han grabado un total de once discos compactos y cinco DVDs, en Brasil, en Argentina y en Eslovenia. Entre ellos se destaca la Colecci\u00f3n \u201cM\u00fasica Brasileira no Tempo\u201d, sobre la historia de la m\u00fasica brasile\u00f1a, bajo los auspicios del Ministerio de Educaci\u00f3n de Brasil.<\/h4>\n","protected":false},"excerpt":{"rendered":"<p>Ligia Amadio es una de las m\u00e1s destacadas directoras sudamericanas de la actualidad. [&hellip;]<\/p>\n","protected":false},"author":1,"featured_media":0,"parent":0,"menu_order":0,"comment_status":"open","ping_status":"open","template":"","meta":{"footnotes":""},"class_list":["post-837","page","type-page","status-publish","hentry"],"_links":{"self":[{"href":"http:\/\/ligiaamadio.net\/a\/wp-json\/wp\/v2\/pages\/837","targetHints":{"allow":["GET"]}}],"collection":[{"href":"http:\/\/ligiaamadio.net\/a\/wp-json\/wp\/v2\/pages"}],"about":[{"href":"http:\/\/ligiaamadio.net\/a\/wp-json\/wp\/v2\/types\/page"}],"author":[{"embeddable":true,"href":"http:\/\/ligiaamadio.net\/a\/wp-json\/wp\/v2\/users\/1"}],"replies":[{"embeddable":true,"href":"http:\/\/ligiaamadio.net\/a\/wp-json\/wp\/v2\/comments?post=837"}],"version-history":[{"count":9,"href":"http:\/\/ligiaamadio.net\/a\/wp-json\/wp\/v2\/pages\/837\/revisions"}],"predecessor-version":[{"id":2578,"href":"http:\/\/ligiaamadio.net\/a\/wp-json\/wp\/v2\/pages\/837\/revisions\/2578"}],"wp:attachment":[{"href":"http:\/\/ligiaamadio.net\/a\/wp-json\/wp\/v2\/media?parent=837"}],"curies":[{"name":"wp","href":"https:\/\/api.w.org\/{rel}","templated":true}]}}