{"id":841,"date":"2015-08-17T13:29:31","date_gmt":"2015-08-17T13:29:31","guid":{"rendered":"http:\/\/ligiaamadio.net\/a\/\/?page_id=841"},"modified":"2026-03-28T21:58:23","modified_gmt":"2026-03-28T21:58:23","slug":"ligia-amadio-francais","status":"publish","type":"page","link":"https:\/\/ligiaamadio.net\/a\/ligia-amadio-francais\/","title":{"rendered":"Ligia Amadio &#8211; Fran\u00e7ais"},"content":{"rendered":"<h4>N\u00e9e \u00e0 Sao Paulo au Br\u00e9sil, Ligia Amadio est la premi\u00e8re femme laur\u00e9ate du Concours International de Direction d\u2019Orchestre de Tokyo (1997). En 1998, elle remporte le premier prix du Concours de Direction Orchestrale de Santiago au Chili. En 2001, l\u2019Association des Critiques d\u2019Arts de Sao Paulo lui d\u00e9cerne le prix de Meilleur Chef d\u2019Orchestre de l\u2019Ann\u00e9e.<\/h4>\n<h4>Parall\u00e8lement \u00e0 ses \u00e9tudes de direction d\u2019orchestre \u00e0 l\u2019Universit\u00e9 d\u2019Etat de Campinas, elle obtient un dipl\u00f4me d\u2019ing\u00e9nieur \u00e0 l\u2019Universit\u00e9 Polytechnique de Sao Paolo.<\/h4>\n<h4>Elle suit ensuite des cours de perfectionnement \u00e0 l\u2019Acad\u00e9mie Musicale de Sienne, au S\u00e9minaire International Bartok en Hongrie, participe aux \u201cWiener Meisterkurse\u201d dans le cadre du Conservatoire de Vienne, aux 2\u00e8me et 3\u00e8me Cours International d\u2019Op\u00e9ra en R\u00e9publique Tch\u00e8que, aux Cours Interam\u00e9ricains de Direction d\u2019Orchestre au Venezuela ainsi qu\u2019au Cours International de Direction d\u2019Orchestre Pierre le Grand dans le cadre du Conservatoire de St.P\u00e9tersbourg. Elle travaille avec des ma\u00eetres tels que: Ferdinand Leitner, Julius Kalmar, George Tintner, Alexander Politshuk, Guillermo Scarabino y Sir Edward Downes. Elle est aussi s\u00e9lectionn\u00e9e parmi 140 candidats du monde entier pour participer au fameux cours de direction Kirill Kondrashin, \u00e0 cette occasion elle est invit\u00e9e \u00e0 diriger l\u2019Orchestre de la Radio Hollandaise dans le cadre prestigieux du Concertgebouw d\u2019Amsterdam.<\/h4>\n<h4>Ligia Amadio a \u00e9t\u00e9 assistante \u00e0 l\u2019Orchestre Symphonique du Th\u00e9\u00e2tre National de Brasilia. En 1996 elle devient chef titulaire de l\u2019Orchestre Symphonique National \u00e0 Rio de Janeiro. En octobre 2000 elle est nomm\u00e9e \u00e0 la direction de l\u2019Orchestre Symphonique Uncuyo \u00e0 Mendoza en Argentine. Elue par le vote des musiciens des deux orchestres, elle partage depuis son temps entre Rio de Janeiro et l\u2019Argentine.<\/h4>\n<h4>Sa carri\u00e8re internationale a d\u00e9but\u00e9 en 1990 \u00e0 Cuba, elle a dirig\u00e9 depuis de nombreux orchestres de renom en Allemagne, Argentine, Chili, Croatie, Slov\u00e9nie, Etats Unis, France, Hollande, Hongrie, R\u00e9publique Tch\u00e8que, Russie et Venezuela.<\/h4>\n<h4>Elle a en outre enregistr\u00e9 5 CD avec entre autres l\u2019Orchestre de la Radio\/T\u00e9l\u00e9vision de Slov\u00e9nie.<\/h4>\n<h4>A Rio de Janeiro, elle pr\u00e9sente la s\u00e9rie Musique et Litt\u00e9rature \u00e0 la Radio du Minist\u00e8re d\u2019Education et Culture.<\/h4>\n","protected":false},"excerpt":{"rendered":"<p>N\u00e9e \u00e0 Sao Paulo au Br\u00e9sil, Ligia Amadio est la premi\u00e8re femme laur\u00e9ate [&hellip;]<\/p>\n","protected":false},"author":1,"featured_media":0,"parent":0,"menu_order":0,"comment_status":"open","ping_status":"open","template":"","meta":{"footnotes":""},"class_list":["post-841","page","type-page","status-publish","hentry"],"_links":{"self":[{"href":"https:\/\/ligiaamadio.net\/a\/wp-json\/wp\/v2\/pages\/841","targetHints":{"allow":["GET"]}}],"collection":[{"href":"https:\/\/ligiaamadio.net\/a\/wp-json\/wp\/v2\/pages"}],"about":[{"href":"https:\/\/ligiaamadio.net\/a\/wp-json\/wp\/v2\/types\/page"}],"author":[{"embeddable":true,"href":"https:\/\/ligiaamadio.net\/a\/wp-json\/wp\/v2\/users\/1"}],"replies":[{"embeddable":true,"href":"https:\/\/ligiaamadio.net\/a\/wp-json\/wp\/v2\/comments?post=841"}],"version-history":[{"count":4,"href":"https:\/\/ligiaamadio.net\/a\/wp-json\/wp\/v2\/pages\/841\/revisions"}],"predecessor-version":[{"id":2579,"href":"https:\/\/ligiaamadio.net\/a\/wp-json\/wp\/v2\/pages\/841\/revisions\/2579"}],"wp:attachment":[{"href":"https:\/\/ligiaamadio.net\/a\/wp-json\/wp\/v2\/media?parent=841"}],"curies":[{"name":"wp","href":"https:\/\/api.w.org\/{rel}","templated":true}]}}

Ligia Amadio &#8211; Français

<h4>Née à Sao Paulo au Brésil, Ligia Amadio est la première femme lauréate du Concours International de Direction d’Orchestre de Tokyo (1997). En 1998, elle remporte le premier prix du Concours de Direction Orchestrale de Santiago au Chili. En 2001, l’Association des Critiques d’Arts de Sao Paulo lui décerne le prix de Meilleur Chef d’Orchestre de l’Année.</h4>
<h4>Parallèlement à ses études de direction d’orchestre à l’Université d’Etat de Campinas, elle obtient un diplôme d’ingénieur à l’Université Polytechnique de Sao Paolo.</h4>
<h4>Elle suit ensuite des cours de perfectionnement à l’Académie Musicale de Sienne, au Séminaire International Bartok en Hongrie, participe aux “Wiener Meisterkurse” dans le cadre du Conservatoire de Vienne, aux 2ème et 3ème Cours International d’Opéra en République Tchèque, aux Cours Interaméricains de Direction d’Orchestre au Venezuela ainsi qu’au Cours International de Direction d’Orchestre Pierre le Grand dans le cadre du Conservatoire de St.Pétersbourg. Elle travaille avec des maîtres tels que: Ferdinand Leitner, Julius Kalmar, George Tintner, Alexander Politshuk, Guillermo Scarabino y Sir Edward Downes. Elle est aussi sélectionnée parmi 140 candidats du monde entier pour participer au fameux cours de direction Kirill Kondrashin, à cette occasion elle est invitée à diriger l’Orchestre de la Radio Hollandaise dans le cadre prestigieux du Concertgebouw d’Amsterdam.</h4>
<h4>Ligia Amadio a été assistante à l’Orchestre Symphonique du Théâtre National de Brasilia. En 1996 elle devient chef titulaire de l’Orchestre Symphonique National à Rio de Janeiro. En octobre 2000 elle est nommée à la direction de l’Orchestre Symphonique Uncuyo à Mendoza en Argentine. Elue par le vote des musiciens des deux orchestres, elle partage depuis son temps entre Rio de Janeiro et l’Argentine.</h4>
<h4>Sa carrière internationale a débuté en 1990 à Cuba, elle a dirigé depuis de nombreux orchestres de renom en Allemagne, Argentine, Chili, Croatie, Slovénie, Etats Unis, France, Hollande, Hongrie, République Tchèque, Russie et Venezuela.</h4>
<h4>Elle a en outre enregistré 5 CD avec entre autres l’Orchestre de la Radio/Télévision de Slovénie.</h4>
<h4>A Rio de Janeiro, elle présente la série Musique et Littérature à la Radio du Ministère d’Education et Culture.</h4>

<p>Née à Sao Paulo au Brésil, Ligia Amadio est la première femme lauréate [&hellip;]</p>
